1556 is divided by 17?
9
Calculate the remainder when 378 is divided by 125.
3
What is the remainder when 221 is divided by 116?
105
Calculate the remainder when 1318 is divided by 270.
238
What is the remainder when 3196 is divided by 26?
24
What is the remainder when 195 is divided by 14?
13
Calculate the remainder when 70 is divided by 51.
19
What is the remainder when 418 is divided by 85?
78
Calculate the remainder when 148 is divided by 51.
46
Calculate the remainder when 1270 is divided by 6.
4
Calculate the remainder when 21 is divided by 12.
9
Calculate the remainder when 1013 is divided by 35.
33
Calculate the remainder when 602 is divided by 67.
66
Calculate the remainder when 942 is divided by 314.
0
What is the remainder when 1499 is divided by 479?
62
Calculate the remainder when 3523 is divided by 141.
139
Calculate the remainder when 7439 is divided by 124.
123
What is the remainder when 49 is divided by 26?
23
Calculate the remainder when 117 is divided by 29.
1
Calculate the remainder when 151 is divided by 34.
15
What is the remainder when 228 is divided by 57?
0
Calculate the remainder when 2351 is divided by 28.
27
Calculate the remainder when 29 is divided by 18.
11
Calculate the remainder when 28 is divided by 1.
0
What is the remainder when 10862 is divided by 14?
12
Calculate the remainder when 214 is divided by 38.
24
What is the remainder when 180 is divided by 37?
32
Calculate the remainder when 968 is divided by 313.
29
Calculate the remainder when 493 is divided by 19.
18
Calculate the remainder when 8208 is divided by 23.
20
What is the remainder when 10 is divided by 5?
0
What is the remainder when 956 is divided by 54?
38
Calculate the remainder when 707 is divided by 12.
11
Calculate the remainder when 8638 is divided by 90.
88
Calculate the remainder when 1410 is divided by 700.
10
Calculate the remainder when 6582 is divided by 3288.
6
What is the remainder when 63411 is divided by 271?
268
Calculate the remainder when 1629 is divided by 12.
9
Calculate the remainder when 405 is divided by 97.
17
Calculate the remainder when 284 is divided by 6.
2
What is the remainder when 329 is divided by 64?
9
Calculate the remainder when 3460 is divided by 15.
10
What is the remainder when 1441 is divided by 90?
1
Calculate the remainder when 163 is divided by 41.
40
Calculate the remainder when 524 is divided by 21.
20
What is the remainder when 86 is divided by 71?
15
Calculate the remainder when 106 is divided by 30.
16
Calculate the remainder when 264 is divided by 43.
6
What is the remainder when 2327 is divided by 161?
73
What is the remainder when 5809 is divided by 39?
37
Calculate the remainder when 6785 is divided by 3384.
17
What is the remainder when 173 is divided by 81?
11
What is the remainder when 1075 is divided by 13?
9
What is the remainder when 27962 is divided by 5592?
2
What is the remainder when 2750 is divided by 64?
62
What is the remainder when 174 is divided by 22?
20
What is the remainder when 219 is divided by 105?
9
Calculate the remainder when 8538 is divided by 117.
114
Calculate the remainder when 211 is divided by 56.
43
What is the remainder when 49 is divided by 25?
24
Calculate the remainder when 16119 is divided by 52.
51
Calculate the remainder when 3597 is divided by 716.
17
What is the remainder when 185 is divided by 39?
29
Calculate the remainder when 395 is divided by 21.
17
What is the remainder when 1537 is divided by 110?
107
Calculate the remainder when 696 is divided by 46.
6
Calculate the remainder when 1038 is divided by 40.
38
Calculate the remainder when 1127 is divided by 363.
38
Calculate the remainder when 8963 is divided by 12.
11
What is the remainder when 1285 is divided by 170?
95
What is the remainder when 42 is divided by 39?
3
Calculate the remainder when 3812 is divided by 53.
49
What is the remainder when 19 is divided by 13?
6
Calculate the remainder when 55 is divided by 12.
7
What is the remainder when 587 is divided by 28?
27
What is the remainder when 2995 is divided by 12?
7
What is the remainder when 670 is divided by 45?
40
What is the remainder when 195 is divided by 18?
15
What is the remainder when 35 is divided by 9?
8
Calculate the remainder when 1988 is divided by 17.
16
Calculate the remainder when 155 is divided by 13.
12
What is the remainder when 5013 is divided by 46?
45
What is the remainder when 81 is divided by 24?
9
Calculate the remainder when 468 is divided by 125.
93
Calculate the remainder when 459 is divided by 10.
9
What is the remainder when 772 is divided by 18?
16
What is the remainder when 1908 is divided by 476?
4
What is the remainder when 1893 is divided by 1877?
16
What is the remainder when 187 is divided by 19?
16
Calculate the remainder when 357 is divided by 126.
105
Calculate the remainder when 501 is divided by 125.
1
Calculate the remainder when 389 is divided by 6.
5
What is the remainder when 239 is divided by 117?
5
What is the remainder when 377 is divided by 100?
77
Calculate the remainder when 1847 is divided by 461.
3
What is the remainder when 5291 is divided by 98?
97
Calculate the remainder when 1098 is divided by 255.
78
What is the remainder when 32 is divided by 21?
11
Calculate the remainder when 16 is divided by 13.
3
Calculate the remainder when 91 is divided by 82.
9
Calculate the remainder when 11099 is divided by 122.
119
Calculate the remainder when 346 is divided by 107.
25
What is the remainder when 2764 is divided by 7?
6
What is the remainder when 336 is divided by 63?
21
Calculate the remainder when 32 is divided by 15.
2
What is the remainder when 520 is divided by 44?
36
What is the remainder when 191 is divided by 16?
15
What is the remainder when 93 is divided by 20?
13
Calculate the remainder when 591 is divided by 53.
8
Calculate the remainder when 285 is divided by 101.
83
What is the remainder when 1432 is divided by 90?
82
What is the remainder when 773 is divided by 18?
17
Calculate the remainder when 51 is divided by 2.
1
What is the remainder when 491 is divided by 26?
23
Calculate the remainder when 1150 is divided by 36.
34
What is the remainder when 447 is divided by 18?
15
Calculate the remainder when 456 is divided by 14.
8
Calculate the remainder when 583 is divided by 12.
7
Calculate the remainder when 28288 is divided by 69.
67
What is the remainder when 294 is divided by 51?
39
What is the remainder when 288 is divided by 287?
1
Calculate the remainder when 327 is divided by 47.
45
What is the remainder when 819 is divided by 138?
129
What is the remainder when 244 is divided by 82?
80
What is the remainder when 52 is divided by 18?
16
Calculate the remainder when 129 is divided by 2.
1
What is the remainder when 566 is divided by 24?
14
Calculate the remainder when 200 is divided by 54.
38
What is the remainder when 3239 is divided by 1077?
8
Calculate the remainder when 305 is divided by 86.
47
Calculate the remainder when 83 is divided by 12.
11
What is the remainder when 1374 is divided by 81?
78
What is the remainder when 315 is divided by 27?
18
Calculate the remainder when 25062 is divided by 52.
50
Calculate the remainder when 301 is divided by 165.
136
What is the remainder when 409 is divided by 103?
100
What is the remainder when 624 is divided by 16?
0
What is the remainder when 302 is divided by 106?
90
Calculate the remainder when 1008 is divided by 92.
88
What is the remainder when 2579 is divided by 12?
11
What is the remainder when 294 is divided by 15?
9
Calculate the remainder when 209 is divided by 42.
41
What is the remainder when 687 is divided by 53?
51
Calculate the remainder when 1024 is divided by 171.
169
Calculate the remainder when 248 is divided by 28.
24
Calculate the remainder when 36736 is divided by 17.
16
Calculate the remainder when 213 is divided by 46.
29
What is the remainder when 599 is divided by 6?
5
Calculate the remainder when 568 is divided by 26.
22
Calculate the remainder when 45 is divided by 13.
6
What is the remainder when 418 is divided by 80?
18
Calculate the remainder when 5770 is divided by 576.
10
What is the remainder when 8034 is divided by 201?
195
Calculate the remainder when 39 is divided by 12.
3
Calcul